 Let p be ((-34)/(-3))/(c/(-3)). Let y = -6 + p. Calculate the greatest common divisor of y and 99.
11
Suppose 0 = -4*n - 3*h - 5, 5*n + 32 = 5*h - 18. Let a = -38 - 2. Let u be n*(-4)/a*-4. Calculate the greatest common factor of 22 and u.
2
Let u(r) = -510*r + 26. Let l be u(0). Let q = -54 + 93. Calculate the highest common factor of q and l.
13
Let h(b) = 162*b - 34. Let t be h(1). What is the greatest common divisor of t and 3?
1
Suppose -2*i + 4*b = -3434, -3*i - b - 76 + 5206 = 0. Calculate the highest common factor of 29 and i.
29
Let i = -12 + 17. Suppose -2*a - q = 0, q = i*a + 6*q. Let t = 15 - a. Calculate the highest common divisor of 15 and t.
15
Let w(n) = -4*n - 1. Let f be w(-2). Suppose 0*b + 35 = f*b. Calculate the greatest common divisor of 45 and b.
5
Let o be (0 - -14)*(-1)/2. Let l be 217 - (0 + 3 + o). Suppose -f + l = 3*t - 2*t, -5*t - 414 = -2*f. What is the greatest common factor of f and 31?
31
Suppose -s = 3*s - 80. Suppose 26*n - 252 = 8. What is the greatest common factor of s and n?
10
Let v = 967 + -927. What is the greatest common factor of 272 and v?
8
Suppose 0 = -4*n + 2*x + 242, 111 = -n + 3*n + x. Let l = -577 + 809. What is the greatest common factor of l and n?
58
Let p(d) = d**2 - 14. Let a be p(6). Let g = 38 - -50. What is the highest common factor of a and g?
22
Suppose 4*y - 2*x - 1 = 9, y + 3*x - 13 = 0. Suppose -5*g + 47 + 33 = 0. Calculate the greatest common factor of y and g.
4
Suppose 3*b - b = -d - 437, -872 = 4*b + 4*d. Let j = b - -130. Let a = -44 - j. Calculate the greatest common divisor of 9 and a.
9
Let x(f) = 2*f**3 + 11*f**2 + 3*f - 7. Let m be x(-5). Suppose 0 = -3*s + d + 29, s - 23 = m*d - 0*d. Calculate the greatest common divisor of 2 and s.
2
Suppose -100 = -5*r + 4*x - 9*x, -2*r = 4*x - 40. Let k = -164 - -149. Let c be (-3)/15 - 153/k. What is the greatest common divisor of c and r?
10
Suppose -22*r + 23*r - 3 = s, 5*r - 55 = -3*s. What is the highest common divisor of r and 424?
8
Suppose -297 - 407 = -2*q + 2*b, 4*q - 1406 = 3*b. Calculate the highest common divisor of 25 and q.
25
Let a be -466*3/(-15) - 16/(-20). Calculate the highest common factor of 1504 and a.
94
Let h = 107 - 104. Calculate the greatest common divisor of h and 33.
3
Suppose -4*j - 422 = -1082. Suppose 0 = -4*c + j + 171. Calculate the highest common divisor of c and 56.
28
Let h = 372 - 260. What is the greatest common factor of 48 and h?
16
Let b = -684 - -1820. What is the greatest common divisor of b and 48?
16
Suppose -3*c + 21 = -4*c. Let m = -13 - c. What is the highest common factor of 1 and m?
1
Suppose n = 3 + 3. Let o = n - -54. Let j(m) = m**3 + 19*m**2 + 19*m + 30. Let l be j(-18). What is the greatest common factor of l and o?
12
Let x be (4 + -9 + 489)*1/4. What is the highest common factor of 99 and x?
11
Let f(p) = 4*p**2 - 6*p - 4. Let c be f(7). Suppose 3*t - 186 = c. What is the greatest common divisor of 28 and t?
28
Suppose 24*p - 2310 = 8*p + 6*p. Suppose -2*v - 2*d + 8 = 0, -3*v + 33 = -3*d - d. What is the greatest common factor of v and p?
7
Let f(v) = -33*v - 361. Let b be f(-11). Calculate the highest common divisor of b and 62.
2
Suppose 0*d - 3*d = -4*c, 0 = 2*d + c. Let o be d + (-1)/5 - (-1404)/20. What is the highest common divisor of o and 10?
10
Let n(w) = 5*w**2 + 2*w - 8. Let o be n(-4). Let a = o + -39. Calculate the highest common divisor of 5 and a.
5
Suppose 3*r = -4*b + 72, -5*r + 61 + 85 = -2*b. Calculate the greatest common factor of r and 63.
7
Let b(a) = -3*a**3 + a**2 + a + 2. Let h(k) = -k**3 - 9*k**2 - 10*k - 18. Let n be h(-8). Let g be b(n). What is the highest common divisor of 42 and g?
14
Let k(q) = -31*q - 9. Let c be k(-7). Let f(t) = -54*t + 566. Let v be f(10). What is the highest common divisor of c and v?
26
Let j = 582 - 561. Calculate the highest common divisor of 609 and j.
21
Let y(b) = b**3 + 16*b**2 + 26*b - 6. Let w be y(-14). Suppose h - w - 38 = 0. Calculate the greatest common divisor of h and 24.
12
Suppose 5*b + 22*k - 19*k = 231, 2*b = 4*k + 82. Calculate the highest common divisor of b and 9.
9
Let o(g) = g**2 - 4*g + 7. Let x be o(5). Suppose -t - x = -3*j - 5, -15 = -3*t. Calculate the greatest common factor of j and 36.
4
Suppose 0 = 4*g + 2*d + 88, 4*g + d = g - 64. Let l = g + 28. What is the greatest common factor of l and 12?
4
Suppose 4*v + 68 + 40 = 0. Let z = v + 38. What is the greatest common divisor of z and 11?
11
Let z = 128 + -89. What is the highest common divisor of 3 and z?
3
Let m = 52 + -31. Let f = 16 - -80. Let j be 82/12 - (-16)/f. What is the highest common divisor of j and m?
7
Let w(v) = -2*v**3 - 4*v**2 + 5*v + 4. Let r be w(-4). Let c be 12/(-30) + (-1510)/(-25). Calculate the greatest common divisor of c and r.
12
Let j(a) = 19*a - 147. Let g be j(8). Suppose t - 12 = -2*t. Suppose 5*f + 2 = -0*f + 3*q, 0 = -3*f - t*q + 22. What is the greatest common factor of g and f?
1
Let x be 12/4 - (3 + 5). Let d(r) = 2*r**2 + 8*r + 16. Let o be d(x). What is the greatest common factor of 182 and o?
26
Suppose 0 = -30*u + 31*u - 11. Let w = 323 + -224. Calculate the highest common factor of w and u.
11
Suppose -2*c = -3*f + 46, 2*c = -5*f + c + 94. What is the greatest common factor of f and 42?
6
Let d be (26838/294)/((-6)/(-28)). Calculate the highest common factor of d and 24.
6
Let j(a) = a**3 - 10*a**2 - 10*a - 8. Let x be j(11). What is the greatest common divisor of x and 15?
3
Suppose 4*p - 92 - 48 = 0. Suppose -5*s = -s - y + 42, -37 = 3*s + 2*y. Let d = s - -16. Calculate the greatest common factor of d and p.
5
Let i be ((-84)/(-63))/((-2)/(-45)). Calculate the greatest common factor of 75 and i.
15
Let m(p) = -4*p - 9 + 6*p - p + 8*p. Let z be m(2). Let x be z + ((-20)/5)/4. Calculate the highest common divisor of x and 1.
1
Suppose 2*g - 5*z - 489 = 323, -5*g - 3*z = -1968. What is the greatest common divisor of 36 and g?
36
Let c = -9 + 12. Suppose -473 = -c*g - 80. Let f be g/2 - 3/6. What is the greatest common divisor of 13 and f?
13
Let u(c) = -c**2 + 13*c + 9. Let q be u(9). What is the greatest common factor of q and 75?
15
Suppose 0 = -3*a + 13 + 65. Suppose -g + a = -30. Suppose -u - 2*l = -16, u - 6*l - 12 = -4*l. Calculate the greatest common divisor of u and g.
14
Let f = -11 + 11. Suppose 5*v - 41 - 89 = f. Let i = v + 38. Calculate the highest common divisor of i and 16.
16
Let v(k) = -2*k**2 - 98*k + 12. Let m be v(-48). Calculate the highest common factor of 459 and m.
27
Let f(d) = 6*d**2 + 7*d - 7. Let m be f(-3). Suppose 487 + m = 19*g. Let o be (2/4)/((-1)/(-36)). What is the highest common divisor of o and g?
9
Let p(f) = -f**2 - 13*f + 84. Let c be p(-9). Suppose i + 4*i + v - 242 = 0, 4*i + 4*v = 200. What is the greatest common factor of c and i?
24
Suppose -5*q = -5*a - 440, q + 174 = 3*q - 3*a. Let g(w) = -w**3 + 11*w**2 + 4*w - 35. Let x be g(11). What is the highest common factor of x and q?
9
Suppose -6 = -o + g, 6*o = 9*o - 5*g - 28. Let k(h) = h**2 - h + 1. Let i be k(2). Suppose -2*m - o = -i*m. Calculate the greatest common factor of m and 8.
1
Suppose -2*u - 242 = -264. Calculate the greatest common factor of u and 22.
11
Let d(h) = 6*h - 17. Let w be d(20). Let y = -75 + w. What is the highest common divisor of y and 21?
7
Suppose 2*a - 180 = -13*a. Suppose c = -4 + 16. Calculate the greatest common divisor of c and a.
12
Let t be 44/66 + 10/3. Calculate the highest common factor of t and 48.
4
Suppose 0*r = -2*r - f - 1206, -4*f - 16 = 0. Let g = -393 - r. Calculate the greatest common factor of g and 26.
26
Let n(a) = 3*a**3 + 3*a + 1. Let o be n(2). What is the greatest common divisor of 155 and o?
31
Let y(r) = 8*r + 97. Let v be y(-12). Calculate the highest common divisor of v and 9.
1
Suppose -16 = -4*n, -4*y - y - 3*n + 27 = 0. Suppose 4*c = -2*m - 26, 3*c = y*m - 0 - 6. Let x be m - -5 - 4*-2. What is the highest common divisor of 5 and x?
5
Let n(y) = 46*y + 25. Let v be n(5). What is the greatest common divisor of v and 75?
15
Let w = -634 + 664. Let x(o) = -o + 240. Let r be x(0). Calculate the highest common factor of w and r.
30
Suppose 4*w = 23*w - 6916. What is the highest common factor of w and 273?
91
Let m(g) = -g**2 + 7*g + 20. Let x be m